{"id":961,"date":"2022-06-30T03:19:20","date_gmt":"2022-06-30T03:19:20","guid":{"rendered":"https:\/\/shtheme.com\/demosd\/thecappawp\/?page_id=961"},"modified":"2022-10-30T17:13:19","modified_gmt":"2022-10-30T17:13:19","slug":"odalarimiz","status":"publish","type":"page","link":"http:\/\/pamukcityhotel.com\/son\/odalarimiz\/","title":{"rendered":"Odalar\u0131m\u0131z"},"content":{"rendered":"\t\t<div data-elementor-type=\"wp-page\" data-elementor-id=\"961\" class=\"elementor elementor-961\">\n\t\t\t\t\t\t\t\t\t<section class=\"elementor-section elementor-top-section elementor-element elementor-element-f0e2403 elementor-section-full_width elementor-section-height-default elementor-section-height-default\" data-id=\"f0e2403\" data-element_type=\"section\">\n\t\t\t\t\t\t<div class=\"elementor-container elementor-column-gap-no\">\n\t\t\t\t\t<div class=\"elementor-column elementor-col-100 elementor-top-column elementor-element elementor-element-c9672f7\" data-id=\"c9672f7\" data-element_type=\"column\">\n\t\t\t<div class=\"elementor-widget-wrap elementor-element-populated\">\n\t\t\t\t\t\t\t\t<div class=\"elementor-element elementor-element-387a852 elementor-align-left elementor-widget elementor-widget-pages-banner\" data-id=\"387a852\" data-element_type=\"widget\" data-widget_type=\"pages-banner.default\">\n\t\t\t\t<div class=\"elementor-widget-container\">\n\t\t\t\n\t\t\t\t<div class=\"banner-header section-padding valign bg-img bg-fixed\" data-overlay-dark=\"4\" data-background=\"http:\/\/pamukcityhotel.com\/son\/wp-content\/uploads\/2022\/09\/DSC5668-kopya-1-scaled.jpg\">\n\t\t\t\t\t<div class=\"container\">\n\t\t\t\t<div class=\"row\">\n\t\t\t\t\t<div class=\"col-md-12 caption mt-90\">\n\t\t\t\t\t\t\t\t\t\t\t\t<h5>Pamuk City Hotel<\/h5>\n\t\t\t\t\t\t\t\t\t\t\t\t\t\t\t\t\t\t<h1>Odalar\u0131m\u0131z<\/h1>\n\t\t\t\t\t\t\t\t\t\t\t<\/div>\n\t\t\t\t<\/div>\n\t\t\t<\/div>\n\t\t<\/div>\n\n\t\t\t<\/div>\n\t\t\t\t<\/div>\n\t\t\t\t\t<\/div>\n\t\t<\/div>\n\t\t\t\t\t\t\t<\/div>\n\t\t<\/section>\n\t\t\t\t<section class=\"elementor-section elementor-top-section elementor-element elementor-element-f1144d5 elementor-section-full_width elementor-section-height-default elementor-section-height-default\" data-id=\"f1144d5\" data-element_type=\"section\">\n\t\t\t\t\t\t<div class=\"elementor-container elementor-column-gap-no\">\n\t\t\t\t\t<div class=\"elementor-column elementor-col-100 elementor-top-column elementor-element elementor-element-41c8811\" data-id=\"41c8811\" data-element_type=\"column\">\n\t\t\t<div class=\"elementor-widget-wrap elementor-element-populated\">\n\t\t\t\t\t\t\t\t<div class=\"elementor-element elementor-element-6e93115 elementor-align-left elementor-widget elementor-widget-pages-room-2\" data-id=\"6e93115\" data-element_type=\"widget\" data-widget_type=\"pages-room-2.default\">\n\t\t\t\t<div class=\"elementor-widget-container\">\n\t\t\t\n\n\n\t\t<div class=\"rooms3 section-padding\">\n\n\t\t\t<div class=\"container\">\n\n\t\t\t\t<div class=\"row\">\n\n\t\t\t\t\t\t\n\t\t\t\t\t\t<div class=\"col-md-4\">\n\n\t\t\t\t\t\t\t<div class=\"square-flip\">\n\n\t\t\t\t\t\t\t\t<div class=\"square bg-img\" data-background=\"http:\/\/pamukcityhotel.com\/son\/wp-content\/uploads\/2022\/04\/suit01.jpg\">\n\n\t\t\t\t\t\t\t\t\t<span class=\"category\"><a href=\"http:\/\/pamukcityhotel.com\/son\/room\/suit\/\">\u0130ncele<\/a><\/span>\n\n\t\t\t\t\t\t\t\t\t<div class=\"square-container d-flex align-items-end justify-content-end\">\n\n\t\t\t\t\t\t\t\t\t\t<div class=\"box-title\">\n\n\t\t\t\t\t\t\t\t\t\t\t<h6><\/h6>\n\n\t\t\t\t\t\t\t\t\t\t\t<h4>Suit Oda<\/h4>\n\n\t\t\t\t\t\t\t\t\t\t<\/div>\n\n\t\t\t\t\t\t\t\t\t<\/div>\n\n\t\t\t\t\t\t\t\t\t<div class=\"flip-overlay\"><\/div>\n\n\t\t\t\t\t\t\t\t<\/div>\n\n\t\t\t\t\t\t\t\t<div class=\"square2\">\n\n\t\t\t\t\t\t\t\t\t<div class=\"square-container2\">\n\n\t\t\t\t\t\t\t\t\t\t<h6><\/h6>\n\n\t\t\t\t\t\t\t\t\t\t<h4>Suit Oda<\/h4>\n\n\t\t\t\t\t\t\t\t\t\t<p>\n\t\t\t\t\t\t\t\t\t\t\tGaziantep&#8217;i 180 derece g\u00f6rebilen Suit Odam\u0131z, zarif detaylar\u0131yla evinizdeki konfora uygun \u015fekilde olarak tasarland\u0131....<\/p>\n\n\t\t\t\t\t\t\t\t\t\t\t<div class=\"row room-facilities mb-30 facilities-col-2\">\n\n\t\t\t\t\t\t\t\t\t\t\t\t<div class=\"col-md-12\">\n\n\t\t\t\t\t\t\t\t\t\t\t\t\t<ul>\n\n\t\t\t\t\t\t\t\t\t\t\t\t\t\t<ul>\n<li><i class=\"flaticon-group\"><\/i> 3-6 Ki\u015filik<\/li>\n<li><i class=\"flaticon-bed\"><\/i> Double Yatak<\/li>\n<li><i class=\"flaticon-breakfast\"><\/i> Kahvalt\u0131<\/li>\n<li><i class=\"flaticon-wifi\"><\/i> \u00dccretsiz Wi-fi<\/li>\n<\/ul>\n\n\t\t\t\t\t\t\t\t\t\t\t\t\t<\/ul>\n\n\t\t\t\t\t\t\t\t\t\t\t\t<\/div>\n\n\t\t\t\t\t\t\t\t\t\t\t<\/div>\n\n\t\t\t\t\t\t\t\t\t\t\t<div class=\"btn-line\"><a href=\"http:\/\/pamukcityhotel.com\/son\/room\/suit\/\">Oda Detaylar\u0131<\/a><\/div>\n\n\t\t\t\t\t\t\t\t\t\t<\/div>\n\n\t\t\t\t\t\t\t\t\t<\/div>\n\n\t\t\t\t\t\t\t\t<\/div>\n\n\t\t\t\t\t\t\t<\/div>\n\n\t\t\t\t\t\t\n\t\t\t\t\t\t<div class=\"col-md-4\">\n\n\t\t\t\t\t\t\t<div class=\"square-flip\">\n\n\t\t\t\t\t\t\t\t<div class=\"square bg-img\" data-background=\"http:\/\/pamukcityhotel.com\/son\/wp-content\/uploads\/2022\/09\/family01.jpg\">\n\n\t\t\t\t\t\t\t\t\t<span class=\"category\"><a href=\"http:\/\/pamukcityhotel.com\/son\/room\/family\/\">\u0130ncele<\/a><\/span>\n\n\t\t\t\t\t\t\t\t\t<div class=\"square-container d-flex align-items-end justify-content-end\">\n\n\t\t\t\t\t\t\t\t\t\t<div class=\"box-title\">\n\n\t\t\t\t\t\t\t\t\t\t\t<h6><\/h6>\n\n\t\t\t\t\t\t\t\t\t\t\t<h4>Family Oda<\/h4>\n\n\t\t\t\t\t\t\t\t\t\t<\/div>\n\n\t\t\t\t\t\t\t\t\t<\/div>\n\n\t\t\t\t\t\t\t\t\t<div class=\"flip-overlay\"><\/div>\n\n\t\t\t\t\t\t\t\t<\/div>\n\n\t\t\t\t\t\t\t\t<div class=\"square2\">\n\n\t\t\t\t\t\t\t\t\t<div class=\"square-container2\">\n\n\t\t\t\t\t\t\t\t\t\t<h6><\/h6>\n\n\t\t\t\t\t\t\t\t\t\t<h4>Family Oda<\/h4>\n\n\t\t\t\t\t\t\t\t\t\t<p>\n\t\t\t\t\t\t\t\t\t\t\tAilenizle yapaca\u011f\u0131n\u0131z Gaziantep gezileri i\u00e7in evinizin konforunda Family Oda se\u00e7ene\u011fiyle Pamuk City Hotel size...<\/p>\n\n\t\t\t\t\t\t\t\t\t\t\t<div class=\"row room-facilities mb-30 facilities-col-2\">\n\n\t\t\t\t\t\t\t\t\t\t\t\t<div class=\"col-md-12\">\n\n\t\t\t\t\t\t\t\t\t\t\t\t\t<ul>\n\n\t\t\t\t\t\t\t\t\t\t\t\t\t\t<ul>\n<li><i class=\"flaticon-group\"><\/i> 2-5 Ki\u015filik<\/li>\n<li><i class=\"flaticon-bed\"><\/i> Double Yatak<\/li>\n<li><i class=\"flaticon-breakfast\"><\/i> Kahvalt\u0131<\/li>\n<li><i class=\"flaticon-wifi\"><\/i> \u00dccretsiz Wi-fi<\/li>\n<\/ul>\n\n\t\t\t\t\t\t\t\t\t\t\t\t\t<\/ul>\n\n\t\t\t\t\t\t\t\t\t\t\t\t<\/div>\n\n\t\t\t\t\t\t\t\t\t\t\t<\/div>\n\n\t\t\t\t\t\t\t\t\t\t\t<div class=\"btn-line\"><a href=\"http:\/\/pamukcityhotel.com\/son\/room\/family\/\">Oda Detaylar\u0131<\/a><\/div>\n\n\t\t\t\t\t\t\t\t\t\t<\/div>\n\n\t\t\t\t\t\t\t\t\t<\/div>\n\n\t\t\t\t\t\t\t\t<\/div>\n\n\t\t\t\t\t\t\t<\/div>\n\n\t\t\t\t\t\t\n\t\t\t\t\t\t<div class=\"col-md-4\">\n\n\t\t\t\t\t\t\t<div class=\"square-flip\">\n\n\t\t\t\t\t\t\t\t<div class=\"square bg-img\" data-background=\"http:\/\/pamukcityhotel.com\/son\/wp-content\/uploads\/2022\/09\/double-delux01.jpg\">\n\n\t\t\t\t\t\t\t\t\t<span class=\"category\"><a href=\"http:\/\/pamukcityhotel.com\/son\/room\/double-delux\/\">\u0130ncele<\/a><\/span>\n\n\t\t\t\t\t\t\t\t\t<div class=\"square-container d-flex align-items-end justify-content-end\">\n\n\t\t\t\t\t\t\t\t\t\t<div class=\"box-title\">\n\n\t\t\t\t\t\t\t\t\t\t\t<h6><\/h6>\n\n\t\t\t\t\t\t\t\t\t\t\t<h4>Double Delux Oda<\/h4>\n\n\t\t\t\t\t\t\t\t\t\t<\/div>\n\n\t\t\t\t\t\t\t\t\t<\/div>\n\n\t\t\t\t\t\t\t\t\t<div class=\"flip-overlay\"><\/div>\n\n\t\t\t\t\t\t\t\t<\/div>\n\n\t\t\t\t\t\t\t\t<div class=\"square2\">\n\n\t\t\t\t\t\t\t\t\t<div class=\"square-container2\">\n\n\t\t\t\t\t\t\t\t\t\t<h6><\/h6>\n\n\t\t\t\t\t\t\t\t\t\t<h4>Double Delux Oda<\/h4>\n\n\t\t\t\t\t\t\t\t\t\t<p>\n\t\t\t\t\t\t\t\t\t\t\tPamuk City Hotel&#8217;in Double Delux Oda se\u00e7ene\u011finde titizlikle d\u00fc\u015f\u00fcn\u00fclm\u00fc\u015f detaylar, \u015fehir manzaras\u0131yla birle\u015ferek size...<\/p>\n\n\t\t\t\t\t\t\t\t\t\t\t<div class=\"row room-facilities mb-30 facilities-col-2\">\n\n\t\t\t\t\t\t\t\t\t\t\t\t<div class=\"col-md-12\">\n\n\t\t\t\t\t\t\t\t\t\t\t\t\t<ul>\n\n\t\t\t\t\t\t\t\t\t\t\t\t\t\t<ul>\n<li><i class=\"flaticon-group\"><\/i>2-3 Ki\u015filik<\/li>\n<li><i class=\"flaticon-bed\"><\/i> Double Yatak<\/li>\n<li><i class=\"flaticon-breakfast\"><\/i> Kahvalt\u0131<\/li>\n<li><i class=\"flaticon-wifi\"><\/i> \u00dccretsiz Wi-fi<\/li>\n<\/ul>\n\n\t\t\t\t\t\t\t\t\t\t\t\t\t<\/ul>\n\n\t\t\t\t\t\t\t\t\t\t\t\t<\/div>\n\n\t\t\t\t\t\t\t\t\t\t\t<\/div>\n\n\t\t\t\t\t\t\t\t\t\t\t<div class=\"btn-line\"><a href=\"http:\/\/pamukcityhotel.com\/son\/room\/double-delux\/\">Oda Detaylar\u0131<\/a><\/div>\n\n\t\t\t\t\t\t\t\t\t\t<\/div>\n\n\t\t\t\t\t\t\t\t\t<\/div>\n\n\t\t\t\t\t\t\t\t<\/div>\n\n\t\t\t\t\t\t\t<\/div>\n\n\t\t\t\t\t\t\n\t\t\t\t\t\t<div class=\"col-md-4\">\n\n\t\t\t\t\t\t\t<div class=\"square-flip\">\n\n\t\t\t\t\t\t\t\t<div class=\"square bg-img\" data-background=\"http:\/\/pamukcityhotel.com\/son\/wp-content\/uploads\/2022\/09\/double-lux01.jpg\">\n\n\t\t\t\t\t\t\t\t\t<span class=\"category\"><a href=\"http:\/\/pamukcityhotel.com\/son\/room\/double-luxury\/\">\u0130ncele<\/a><\/span>\n\n\t\t\t\t\t\t\t\t\t<div class=\"square-container d-flex align-items-end justify-content-end\">\n\n\t\t\t\t\t\t\t\t\t\t<div class=\"box-title\">\n\n\t\t\t\t\t\t\t\t\t\t\t<h6><\/h6>\n\n\t\t\t\t\t\t\t\t\t\t\t<h4>Double Luxury Oda<\/h4>\n\n\t\t\t\t\t\t\t\t\t\t<\/div>\n\n\t\t\t\t\t\t\t\t\t<\/div>\n\n\t\t\t\t\t\t\t\t\t<div class=\"flip-overlay\"><\/div>\n\n\t\t\t\t\t\t\t\t<\/div>\n\n\t\t\t\t\t\t\t\t<div class=\"square2\">\n\n\t\t\t\t\t\t\t\t\t<div class=\"square-container2\">\n\n\t\t\t\t\t\t\t\t\t\t<h6><\/h6>\n\n\t\t\t\t\t\t\t\t\t\t<h4>Double Luxury Oda<\/h4>\n\n\t\t\t\t\t\t\t\t\t\t<p>\n\t\t\t\t\t\t\t\t\t\t\tDouble Luxury Oda se\u00e7ene\u011fi, tatil ve i\u015f ama\u00e7l\u0131 gelen konuklar\u0131m\u0131z\u0131n konforu g\u00f6z \u00f6n\u00fcne al\u0131narak...<\/p>\n\n\t\t\t\t\t\t\t\t\t\t\t<div class=\"row room-facilities mb-30 facilities-col-2\">\n\n\t\t\t\t\t\t\t\t\t\t\t\t<div class=\"col-md-12\">\n\n\t\t\t\t\t\t\t\t\t\t\t\t\t<ul>\n\n\t\t\t\t\t\t\t\t\t\t\t\t\t\t<ul>\n<li><i class=\"flaticon-group\"><\/i>2 Ki\u015filik<\/li>\n<li><i class=\"flaticon-bed\"><\/i> Double Yatak<\/li>\n<li><i class=\"flaticon-breakfast\"><\/i> Kahvalt\u0131<\/li>\n<li><i class=\"flaticon-wifi\"><\/i> \u00dccretsiz Wi-fi<\/li>\n<\/ul>\n\n\t\t\t\t\t\t\t\t\t\t\t\t\t<\/ul>\n\n\t\t\t\t\t\t\t\t\t\t\t\t<\/div>\n\n\t\t\t\t\t\t\t\t\t\t\t<\/div>\n\n\t\t\t\t\t\t\t\t\t\t\t<div class=\"btn-line\"><a href=\"http:\/\/pamukcityhotel.com\/son\/room\/double-luxury\/\">Oda Detaylar\u0131<\/a><\/div>\n\n\t\t\t\t\t\t\t\t\t\t<\/div>\n\n\t\t\t\t\t\t\t\t\t<\/div>\n\n\t\t\t\t\t\t\t\t<\/div>\n\n\t\t\t\t\t\t\t<\/div>\n\n\t\t\t\t\t\t\n\t\t\t\t\t\t<div class=\"col-md-4\">\n\n\t\t\t\t\t\t\t<div class=\"square-flip\">\n\n\t\t\t\t\t\t\t\t<div class=\"square bg-img\" data-background=\"http:\/\/pamukcityhotel.com\/son\/wp-content\/uploads\/2022\/09\/DoubleStandart001.jpg\">\n\n\t\t\t\t\t\t\t\t\t<span class=\"category\"><a href=\"http:\/\/pamukcityhotel.com\/son\/room\/double-standart\/\">\u0130ncele<\/a><\/span>\n\n\t\t\t\t\t\t\t\t\t<div class=\"square-container d-flex align-items-end justify-content-end\">\n\n\t\t\t\t\t\t\t\t\t\t<div class=\"box-title\">\n\n\t\t\t\t\t\t\t\t\t\t\t<h6><\/h6>\n\n\t\t\t\t\t\t\t\t\t\t\t<h4>Double Standart Oda<\/h4>\n\n\t\t\t\t\t\t\t\t\t\t<\/div>\n\n\t\t\t\t\t\t\t\t\t<\/div>\n\n\t\t\t\t\t\t\t\t\t<div class=\"flip-overlay\"><\/div>\n\n\t\t\t\t\t\t\t\t<\/div>\n\n\t\t\t\t\t\t\t\t<div class=\"square2\">\n\n\t\t\t\t\t\t\t\t\t<div class=\"square-container2\">\n\n\t\t\t\t\t\t\t\t\t\t<h6><\/h6>\n\n\t\t\t\t\t\t\t\t\t\t<h4>Double Standart Oda<\/h4>\n\n\t\t\t\t\t\t\t\t\t\t<p>\n\t\t\t\t\t\t\t\t\t\t\tPamuk City Hotel&#8217;de Double Standart Oda se\u00e7ene\u011fi, seyahatlerinde vakitlerinin \u00e7o\u011funu otel d\u0131\u015f\u0131nda ge\u00e7iren misafirlerimizin...<\/p>\n\n\t\t\t\t\t\t\t\t\t\t\t<div class=\"row room-facilities mb-30 facilities-col-2\">\n\n\t\t\t\t\t\t\t\t\t\t\t\t<div class=\"col-md-12\">\n\n\t\t\t\t\t\t\t\t\t\t\t\t\t<ul>\n\n\t\t\t\t\t\t\t\t\t\t\t\t\t\t<ul>\n<li><i class=\"flaticon-group\"><\/i> 2 Ki\u015filik<\/li>\n<li><i class=\"flaticon-bed\"><\/i> Double Yatak<\/li>\n<li><i class=\"flaticon-breakfast\"><\/i> Kahvalt\u0131<\/li>\n<li><i class=\"flaticon-wifi\"><\/i> \u00dccretsiz Wi-fi<\/li>\n<\/ul>\n\n\t\t\t\t\t\t\t\t\t\t\t\t\t<\/ul>\n\n\t\t\t\t\t\t\t\t\t\t\t\t<\/div>\n\n\t\t\t\t\t\t\t\t\t\t\t<\/div>\n\n\t\t\t\t\t\t\t\t\t\t\t<div class=\"btn-line\"><a href=\"http:\/\/pamukcityhotel.com\/son\/room\/double-standart\/\">Oda Detaylar\u0131<\/a><\/div>\n\n\t\t\t\t\t\t\t\t\t\t<\/div>\n\n\t\t\t\t\t\t\t\t\t<\/div>\n\n\t\t\t\t\t\t\t\t<\/div>\n\n\t\t\t\t\t\t\t<\/div>\n\n\t\t\t\t\t\t\n\t\t\t\t\t\t<div class=\"col-md-4\">\n\n\t\t\t\t\t\t\t<div class=\"square-flip\">\n\n\t\t\t\t\t\t\t\t<div class=\"square bg-img\" data-background=\"http:\/\/pamukcityhotel.com\/son\/wp-content\/uploads\/2022\/09\/twin01.jpg\">\n\n\t\t\t\t\t\t\t\t\t<span class=\"category\"><a href=\"http:\/\/pamukcityhotel.com\/son\/room\/twin\/\">\u0130ncele<\/a><\/span>\n\n\t\t\t\t\t\t\t\t\t<div class=\"square-container d-flex align-items-end justify-content-end\">\n\n\t\t\t\t\t\t\t\t\t\t<div class=\"box-title\">\n\n\t\t\t\t\t\t\t\t\t\t\t<h6><\/h6>\n\n\t\t\t\t\t\t\t\t\t\t\t<h4>Twin Oda<\/h4>\n\n\t\t\t\t\t\t\t\t\t\t<\/div>\n\n\t\t\t\t\t\t\t\t\t<\/div>\n\n\t\t\t\t\t\t\t\t\t<div class=\"flip-overlay\"><\/div>\n\n\t\t\t\t\t\t\t\t<\/div>\n\n\t\t\t\t\t\t\t\t<div class=\"square2\">\n\n\t\t\t\t\t\t\t\t\t<div class=\"square-container2\">\n\n\t\t\t\t\t\t\t\t\t\t<h6><\/h6>\n\n\t\t\t\t\t\t\t\t\t\t<h4>Twin Oda<\/h4>\n\n\t\t\t\t\t\t\t\t\t\t<p>\n\t\t\t\t\t\t\t\t\t\t\tTwin odalar\u0131m\u0131z iki ki\u015finin konaklamas\u0131na uygun \u015fekilde iki ayr\u0131 tek ki\u015filik yataklar\u0131yla misafirlerimizi bekliyor....<\/p>\n\n\t\t\t\t\t\t\t\t\t\t\t<div class=\"row room-facilities mb-30 facilities-col-2\">\n\n\t\t\t\t\t\t\t\t\t\t\t\t<div class=\"col-md-12\">\n\n\t\t\t\t\t\t\t\t\t\t\t\t\t<ul>\n\n\t\t\t\t\t\t\t\t\t\t\t\t\t\t<ul>\n<li><i class=\"flaticon-group\"><\/i>2 Ki\u015filik<\/li>\n<li><i class=\"flaticon-bed\"><\/i> Double Yatak<\/li>\n<li><i class=\"flaticon-breakfast\"><\/i> Kahvalt\u0131<\/li>\n<li><i class=\"flaticon-wifi\"><\/i> \u00dccretsiz Wi-fi<\/li>\n<\/ul>\n\n\t\t\t\t\t\t\t\t\t\t\t\t\t<\/ul>\n\n\t\t\t\t\t\t\t\t\t\t\t\t<\/div>\n\n\t\t\t\t\t\t\t\t\t\t\t<\/div>\n\n\t\t\t\t\t\t\t\t\t\t\t<div class=\"btn-line\"><a href=\"http:\/\/pamukcityhotel.com\/son\/room\/twin\/\">Oda Detaylar\u0131<\/a><\/div>\n\n\t\t\t\t\t\t\t\t\t\t<\/div>\n\n\t\t\t\t\t\t\t\t\t<\/div>\n\n\t\t\t\t\t\t\t\t<\/div>\n\n\t\t\t\t\t\t\t<\/div>\n\n\t\t\t\t\t\t\n\t\t\t\t\t\t<div class=\"col-md-4\">\n\n\t\t\t\t\t\t\t<div class=\"square-flip\">\n\n\t\t\t\t\t\t\t\t<div class=\"square bg-img\" data-background=\"http:\/\/pamukcityhotel.com\/son\/wp-content\/uploads\/2022\/09\/DoubleStandart001.jpg\">\n\n\t\t\t\t\t\t\t\t\t<span class=\"category\"><a href=\"http:\/\/pamukcityhotel.com\/son\/room\/double-ekonomik-oda\/\">\u0130ncele<\/a><\/span>\n\n\t\t\t\t\t\t\t\t\t<div class=\"square-container d-flex align-items-end justify-content-end\">\n\n\t\t\t\t\t\t\t\t\t\t<div class=\"box-title\">\n\n\t\t\t\t\t\t\t\t\t\t\t<h6><\/h6>\n\n\t\t\t\t\t\t\t\t\t\t\t<h4>Double Ekonomik Oda<\/h4>\n\n\t\t\t\t\t\t\t\t\t\t<\/div>\n\n\t\t\t\t\t\t\t\t\t<\/div>\n\n\t\t\t\t\t\t\t\t\t<div class=\"flip-overlay\"><\/div>\n\n\t\t\t\t\t\t\t\t<\/div>\n\n\t\t\t\t\t\t\t\t<div class=\"square2\">\n\n\t\t\t\t\t\t\t\t\t<div class=\"square-container2\">\n\n\t\t\t\t\t\t\t\t\t\t<h6><\/h6>\n\n\t\t\t\t\t\t\t\t\t\t<h4>Double Ekonomik Oda<\/h4>\n\n\t\t\t\t\t\t\t\t\t\t<p>\n\t\t\t\t\t\t\t\t\t\t\tPamuk City Hotel&#8217;de Double Ekonomik Oda se\u00e7ene\u011fi, daha ekonomik fiyata daha uygun bir oda...<\/p>\n\n\t\t\t\t\t\t\t\t\t\t\t<div class=\"row room-facilities mb-30 facilities-col-2\">\n\n\t\t\t\t\t\t\t\t\t\t\t\t<div class=\"col-md-12\">\n\n\t\t\t\t\t\t\t\t\t\t\t\t\t<ul>\n\n\t\t\t\t\t\t\t\t\t\t\t\t\t\t<ul>\n<li><i class=\"flaticon-group\"><\/i> 2 Ki\u015filik<\/li>\n<li><i class=\"flaticon-bed\"><\/i> Double Yatak<\/li>\n<li><i class=\"flaticon-breakfast\"><\/i> Kahvalt\u0131<\/li>\n<li><i class=\"flaticon-wifi\"><\/i> \u00dccretsiz Wi-fi<\/li>\n<\/ul>\n\n\t\t\t\t\t\t\t\t\t\t\t\t\t<\/ul>\n\n\t\t\t\t\t\t\t\t\t\t\t\t<\/div>\n\n\t\t\t\t\t\t\t\t\t\t\t<\/div>\n\n\t\t\t\t\t\t\t\t\t\t\t<div class=\"btn-line\"><a href=\"http:\/\/pamukcityhotel.com\/son\/room\/double-ekonomik-oda\/\">Oda Detaylar\u0131<\/a><\/div>\n\n\t\t\t\t\t\t\t\t\t\t<\/div>\n\n\t\t\t\t\t\t\t\t\t<\/div>\n\n\t\t\t\t\t\t\t\t<\/div>\n\n\t\t\t\t\t\t\t<\/div>\n\n\t\t\t\t\t\t\n\t\t\t\t\t<\/div>\n\n\t\t\t\t<\/div>\n\n\t\t\t<\/div>\n\n\t\t\n\n\n\n\t\t\t<\/div>\n\t\t\t\t<\/div>\n\t\t\t\t\t<\/div>\n\t\t<\/div>\n\t\t\t\t\t\t\t<\/div>\n\t\t<\/section>\n\t\t\t\t\t\t\t<\/div>\n\t\t","protected":false},"excerpt":{"rendered":"<p>Pamuk City Hotel Odalar\u0131m\u0131z \u0130ncele Suit Oda Suit Oda Gaziantep&#8217;i 180 derece g\u00f6rebilen Suit Odam\u0131z, zarif detaylar\u0131yla evinizdeki konfora uygun \u015fekilde olarak tasarland\u0131&#8230;. 3-6 Ki\u015filik Double Yatak Kahvalt\u0131 \u00dccretsiz Wi-fi Oda Detaylar\u0131 \u0130ncele Family Oda Family Oda Ailenizle yapaca\u011f\u0131n\u0131z Gaziantep gezileri i\u00e7in evinizin konforunda Family Oda se\u00e7ene\u011fiyle Pamuk City Hotel size&#8230; 2-5 Ki\u015filik Double Yatak [&hellip;]<\/p>\n","protected":false},"author":1,"featured_media":0,"parent":0,"menu_order":0,"comment_status":"closed","ping_status":"closed","template":"page-templates\/dark-sidebar.php","meta":{"_mi_skip_tracking":false},"aioseo_notices":[],"_links":{"self":[{"href":"http:\/\/pamukcityhotel.com\/son\/wp-json\/wp\/v2\/pages\/961"}],"collection":[{"href":"http:\/\/pamukcityhotel.com\/son\/wp-json\/wp\/v2\/pages"}],"about":[{"href":"http:\/\/pamukcityhotel.com\/son\/wp-json\/wp\/v2\/types\/page"}],"author":[{"embeddable":true,"href":"http:\/\/pamukcityhotel.com\/son\/wp-json\/wp\/v2\/users\/1"}],"replies":[{"embeddable":true,"href":"http:\/\/pamukcityhotel.com\/son\/wp-json\/wp\/v2\/comments?post=961"}],"version-history":[{"count":24,"href":"http:\/\/pamukcityhotel.com\/son\/wp-json\/wp\/v2\/pages\/961\/revisions"}],"predecessor-version":[{"id":1928,"href":"http:\/\/pamukcityhotel.com\/son\/wp-json\/wp\/v2\/pages\/961\/revisions\/1928"}],"wp:attachment":[{"href":"http:\/\/pamukcityhotel.com\/son\/wp-json\/wp\/v2\/media?parent=961"}],"curies":[{"name":"wp","href":"https:\/\/api.w.org\/{rel}","templated":true}]}}